{"id":376,"date":"2026-01-02T20:23:33","date_gmt":"2026-01-02T20:23:33","guid":{"rendered":"https:\/\/angelachica.estaciondiseno.es\/?page_id=376"},"modified":"2026-01-22T10:29:56","modified_gmt":"2026-01-22T10:29:56","slug":"bolso-patrimonio","status":"publish","type":"page","link":"https:\/\/angelachica.estaciondiseno.es\/?page_id=376","title":{"rendered":"BOLSO PATRIMONIO"},"content":{"rendered":"\t\t<div data-elementor-type=\"wp-page\" data-elementor-id=\"376\" class=\"elementor elementor-376\" data-elementor-post-type=\"page\">\n\t\t\t\t\t\t<section class=\"elementor-section elementor-top-section elementor-element elementor-element-483654a elementor-section-boxed elementor-section-height-default elementor-section-height-default\" data-id=\"483654a\" data-element_type=\"section\">\n\t\t\t\t\t\t<div class=\"elementor-container elementor-column-gap-default\">\n\t\t\t\t\t<div class=\"elementor-column elementor-col-100 elementor-top-column elementor-element elementor-element-05239f4\" data-id=\"05239f4\" data-element_type=\"column\">\n\t\t\t<div class=\"elementor-widget-wrap elementor-element-populated\">\n\t\t\t\t\t\t<div class=\"elementor-element elementor-element-2c2634b elementor-widget elementor-widget-heading\" data-id=\"2c2634b\" data-element_type=\"widget\" data-widget_type=\"heading.default\">\n\t\t\t\t<div class=\"elementor-widget-container\">\n\t\t\t\t\t<h2 class=\"elementor-heading-title elementor-size-default\">BOLSO PATRIMONIO<\/h2>\t\t\t\t<\/div>\n\t\t\t\t<\/div>\n\t\t\t\t\t<\/div>\n\t\t<\/div>\n\t\t\t\t\t<\/div>\n\t\t<\/section>\n\t\t\t\t<section class=\"elementor-section elementor-top-section elementor-element elementor-element-ccdde99 elementor-section-boxed elementor-section-height-default elementor-section-height-default\" data-id=\"ccdde99\" data-element_type=\"section\">\n\t\t\t\t\t\t<div class=\"elementor-container elementor-column-gap-default\">\n\t\t\t\t\t<div class=\"elementor-column elementor-col-100 elementor-top-column elementor-element elementor-element-8b11cba\" data-id=\"8b11cba\" data-element_type=\"column\">\n\t\t\t<div class=\"elementor-widget-wrap elementor-element-populated\">\n\t\t\t\t\t\t<div class=\"elementor-element elementor-element-74763f1 elementor-widget-mobile__width-initial elementor-widget-tablet__width-initial elementor-widget__width-initial elementor-invisible elementor-widget elementor-widget-image\" data-id=\"74763f1\" data-element_type=\"widget\" data-settings=\"{&quot;_animation&quot;:&quot;fadeIn&quot;}\" data-widget_type=\"image.default\">\n\t\t\t\t<div class=\"elementor-widget-container\">\n\t\t\t\t\t\t\t\t\t\t\t\t\t\t\t<img fetchpriority=\"high\" decoding=\"async\" width=\"576\" height=\"1024\" src=\"https:\/\/angelachica.estaciondiseno.es\/wp-content\/uploads\/2026\/01\/IMG_9468-576x1024.jpeg\" class=\"attachment-large size-large wp-image-398\" alt=\"\" srcset=\"https:\/\/angelachica.estaciondiseno.es\/wp-content\/uploads\/2026\/01\/IMG_9468-576x1024.jpeg 576w, https:\/\/angelachica.estaciondiseno.es\/wp-content\/uploads\/2026\/01\/IMG_9468-169x300.jpeg 169w, https:\/\/angelachica.estaciondiseno.es\/wp-content\/uploads\/2026\/01\/IMG_9468-2000x3556.jpeg 2000w, https:\/\/angelachica.estaciondiseno.es\/wp-content\/uploads\/2026\/01\/IMG_9468-scaled-864x1536.jpeg 864w, https:\/\/angelachica.estaciondiseno.es\/wp-content\/uploads\/2026\/01\/IMG_9468-scaled-1152x2048.jpeg 1152w, https:\/\/angelachica.estaciondiseno.es\/wp-content\/uploads\/2026\/01\/IMG_9468-scaled.jpeg 1440w\" sizes=\"100vw\" \/>\t\t\t\t\t\t\t\t\t\t\t\t\t\t\t<\/div>\n\t\t\t\t<\/div>\n\t\t\t\t<div class=\"elementor-element elementor-element-1dd493d elementor-widget-mobile__width-initial elementor-widget-tablet__width-initial elementor-widget__width-initial elementor-widget elementor-widget-image\" data-id=\"1dd493d\" data-element_type=\"widget\" data-widget_type=\"image.default\">\n\t\t\t\t<div class=\"elementor-widget-container\">\n\t\t\t\t\t\t\t\t\t\t\t\t\t\t\t<img decoding=\"async\" width=\"576\" height=\"1024\" src=\"https:\/\/angelachica.estaciondiseno.es\/wp-content\/uploads\/2026\/01\/IMG_9458-576x1024.jpeg\" class=\"attachment-large size-large wp-image-399\" alt=\"\" srcset=\"https:\/\/angelachica.estaciondiseno.es\/wp-content\/uploads\/2026\/01\/IMG_9458-576x1024.jpeg 576w, https:\/\/angelachica.estaciondiseno.es\/wp-content\/uploads\/2026\/01\/IMG_9458-169x300.jpeg 169w, https:\/\/angelachica.estaciondiseno.es\/wp-content\/uploads\/2026\/01\/IMG_9458-2000x3556.jpeg 2000w, https:\/\/angelachica.estaciondiseno.es\/wp-content\/uploads\/2026\/01\/IMG_9458-scaled-864x1536.jpeg 864w, https:\/\/angelachica.estaciondiseno.es\/wp-content\/uploads\/2026\/01\/IMG_9458-scaled-1152x2048.jpeg 1152w, https:\/\/angelachica.estaciondiseno.es\/wp-content\/uploads\/2026\/01\/IMG_9458-scaled.jpeg 1440w\" sizes=\"100vw\" \/>\t\t\t\t\t\t\t\t\t\t\t\t\t\t\t<\/div>\n\t\t\t\t<\/div>\n\t\t\t\t<div class=\"elementor-element elementor-element-1b42cb7 elementor-widget-mobile__width-initial elementor-widget-tablet__width-initial elementor-widget__width-initial elementor-widget elementor-widget-image\" data-id=\"1b42cb7\" data-element_type=\"widget\" data-widget_type=\"image.default\">\n\t\t\t\t<div class=\"elementor-widget-container\">\n\t\t\t\t\t\t\t\t\t\t\t\t\t\t\t<img decoding=\"async\" width=\"576\" height=\"1024\" src=\"https:\/\/angelachica.estaciondiseno.es\/wp-content\/uploads\/2026\/01\/IMG_9471-576x1024.jpeg\" class=\"attachment-large size-large wp-image-400\" alt=\"\" srcset=\"https:\/\/angelachica.estaciondiseno.es\/wp-content\/uploads\/2026\/01\/IMG_9471-576x1024.jpeg 576w, https:\/\/angelachica.estaciondiseno.es\/wp-content\/uploads\/2026\/01\/IMG_9471-169x300.jpeg 169w, https:\/\/angelachica.estaciondiseno.es\/wp-content\/uploads\/2026\/01\/IMG_9471-2000x3556.jpeg 2000w, https:\/\/angelachica.estaciondiseno.es\/wp-content\/uploads\/2026\/01\/IMG_9471-scaled-864x1536.jpeg 864w, https:\/\/angelachica.estaciondiseno.es\/wp-content\/uploads\/2026\/01\/IMG_9471-scaled-1152x2048.jpeg 1152w, https:\/\/angelachica.estaciondiseno.es\/wp-content\/uploads\/2026\/01\/IMG_9471-scaled.jpeg 1440w\" sizes=\"100vw\" \/>\t\t\t\t\t\t\t\t\t\t\t\t\t\t\t<\/div>\n\t\t\t\t<\/div>\n\t\t\t\t\t<\/div>\n\t\t<\/div>\n\t\t\t\t\t<\/div>\n\t\t<\/section>\n\t\t\t\t<section class=\"elementor-section elementor-top-section elementor-element elementor-element-6fd40bb elementor-section-boxed elementor-section-height-default elementor-section-height-default\" data-id=\"6fd40bb\" data-element_type=\"section\">\n\t\t\t\t\t\t<div class=\"elementor-container elementor-column-gap-default\">\n\t\t\t\t\t<div class=\"elementor-column elementor-col-100 elementor-top-column elementor-element elementor-element-6287da3\" data-id=\"6287da3\" data-element_type=\"column\">\n\t\t\t<div class=\"elementor-widget-wrap elementor-element-populated\">\n\t\t\t\t\t\t<div class=\"elementor-element elementor-element-8da21f2 elementor-widget__width-initial elementor-widget elementor-widget-text-editor\" data-id=\"8da21f2\" data-element_type=\"widget\" data-widget_type=\"text-editor.default\">\n\t\t\t\t<div class=\"elementor-widget-container\">\n\t\t\t\t\t\t\t\t\t<p>Bolso de dise\u00f1o propio con estructura compacta y asas r\u00edgidas de bamb\u00fa, que aportan resistencia y un acabado artesanal. La combinaci\u00f3n de materiales est\u00e1 pensada para lograr un equilibrio entre funcionalidad y est\u00e9tica.<\/p><p>El estampado ha sido dise\u00f1ado por m\u00ed y se basa en elementos representativos de Ja\u00e9n, como arquitectura y referencias al olivo, desarrollados mediante ilustraci\u00f3n lineal. La gama crom\u00e1tica neutra refuerza la claridad del dise\u00f1o y permite que el estampado tenga protagonismo sin recargar la pieza.<\/p>\t\t\t\t\t\t\t\t<\/div>\n\t\t\t\t<\/div>\n\t\t\t\t\t<\/div>\n\t\t<\/div>\n\t\t\t\t\t<\/div>\n\t\t<\/section>\n\t\t\t\t<section class=\"elementor-section elementor-top-section elementor-element elementor-element-ce90da7 elementor-section-boxed elementor-section-height-default elementor-section-height-default\" data-id=\"ce90da7\" data-element_type=\"section\">\n\t\t\t\t\t\t<div class=\"elementor-container elementor-column-gap-default\">\n\t\t\t\t\t<div class=\"elementor-column elementor-col-100 elementor-top-column elementor-element elementor-element-281744e\" data-id=\"281744e\" data-element_type=\"column\">\n\t\t\t<div class=\"elementor-widget-wrap elementor-element-populated\">\n\t\t\t\t\t\t<div class=\"elementor-element elementor-element-9481828 elementor-widget-mobile__width-initial elementor-widget-tablet__width-initial elementor-widget__width-initial elementor-widget elementor-widget-image\" data-id=\"9481828\" data-element_type=\"widget\" data-widget_type=\"image.default\">\n\t\t\t\t<div class=\"elementor-widget-container\">\n\t\t\t\t\t\t\t\t\t\t\t\t\t\t\t<img loading=\"lazy\" decoding=\"async\" width=\"683\" height=\"1024\" src=\"https:\/\/angelachica.estaciondiseno.es\/wp-content\/uploads\/2025\/12\/Chaqueta-estampada-683x1024.jpg\" class=\"attachment-large size-large wp-image-349\" alt=\"\" srcset=\"https:\/\/angelachica.estaciondiseno.es\/wp-content\/uploads\/2025\/12\/Chaqueta-estampada-683x1024.jpg 683w, https:\/\/angelachica.estaciondiseno.es\/wp-content\/uploads\/2025\/12\/Chaqueta-estampada-200x300.jpg 200w, https:\/\/angelachica.estaciondiseno.es\/wp-content\/uploads\/2025\/12\/Chaqueta-estampada-2000x3000.jpg 2000w, https:\/\/angelachica.estaciondiseno.es\/wp-content\/uploads\/2025\/12\/Chaqueta-estampada-scaled-1024x1536.jpg 1024w, https:\/\/angelachica.estaciondiseno.es\/wp-content\/uploads\/2025\/12\/Chaqueta-estampada-scaled-1366x2048.jpg 1366w, https:\/\/angelachica.estaciondiseno.es\/wp-content\/uploads\/2025\/12\/Chaqueta-estampada-scaled.jpg 1707w\" sizes=\"100vw\" \/>\t\t\t\t\t\t\t\t\t\t\t\t\t\t\t<\/div>\n\t\t\t\t<\/div>\n\t\t\t\t<div class=\"elementor-element elementor-element-4a3113d elementor-widget-mobile__width-initial elementor-widget-tablet__width-initial elementor-widget__width-initial elementor-widget elementor-widget-image\" data-id=\"4a3113d\" data-element_type=\"widget\" data-widget_type=\"image.default\">\n\t\t\t\t<div class=\"elementor-widget-container\">\n\t\t\t\t\t\t\t\t\t\t\t\t\t\t\t<img loading=\"lazy\" decoding=\"async\" width=\"683\" height=\"1024\" src=\"https:\/\/angelachica.estaciondiseno.es\/wp-content\/uploads\/2026\/01\/chaquetaverde-683x1024.png\" class=\"attachment-large size-large wp-image-401\" alt=\"\" srcset=\"https:\/\/angelachica.estaciondiseno.es\/wp-content\/uploads\/2026\/01\/chaquetaverde-683x1024.png 683w, https:\/\/angelachica.estaciondiseno.es\/wp-content\/uploads\/2026\/01\/chaquetaverde-200x300.png 200w, https:\/\/angelachica.estaciondiseno.es\/wp-content\/uploads\/2026\/01\/chaquetaverde-2000x3000.png 2000w, https:\/\/angelachica.estaciondiseno.es\/wp-content\/uploads\/2026\/01\/chaquetaverde-scaled-1024x1536.png 1024w, https:\/\/angelachica.estaciondiseno.es\/wp-content\/uploads\/2026\/01\/chaquetaverde-scaled-1366x2048.png 1366w, https:\/\/angelachica.estaciondiseno.es\/wp-content\/uploads\/2026\/01\/chaquetaverde-scaled.png 1707w\" sizes=\"100vw\" \/>\t\t\t\t\t\t\t\t\t\t\t\t\t\t\t<\/div>\n\t\t\t\t<\/div>\n\t\t\t\t<div class=\"elementor-element elementor-element-2138ca0 elementor-widget-mobile__width-initial elementor-widget-tablet__width-initial elementor-widget__width-initial elementor-widget elementor-widget-image\" data-id=\"2138ca0\" data-element_type=\"widget\" data-widget_type=\"image.default\">\n\t\t\t\t<div class=\"elementor-widget-container\">\n\t\t\t\t\t\t\t\t\t\t\t\t\t\t\t<img loading=\"lazy\" decoding=\"async\" width=\"683\" height=\"1024\" src=\"https:\/\/angelachica.estaciondiseno.es\/wp-content\/uploads\/2025\/12\/CHAQUETA-ESTAMPADA-2-683x1024.jpg\" class=\"attachment-large size-large wp-image-304\" alt=\"\" srcset=\"https:\/\/angelachica.estaciondiseno.es\/wp-content\/uploads\/2025\/12\/CHAQUETA-ESTAMPADA-2-683x1024.jpg 683w, https:\/\/angelachica.estaciondiseno.es\/wp-content\/uploads\/2025\/12\/CHAQUETA-ESTAMPADA-2-200x300.jpg 200w, https:\/\/angelachica.estaciondiseno.es\/wp-content\/uploads\/2025\/12\/CHAQUETA-ESTAMPADA-2-2000x3000.jpg 2000w, https:\/\/angelachica.estaciondiseno.es\/wp-content\/uploads\/2025\/12\/CHAQUETA-ESTAMPADA-2-scaled-1024x1536.jpg 1024w, https:\/\/angelachica.estaciondiseno.es\/wp-content\/uploads\/2025\/12\/CHAQUETA-ESTAMPADA-2-scaled-1366x2048.jpg 1366w, https:\/\/angelachica.estaciondiseno.es\/wp-content\/uploads\/2025\/12\/CHAQUETA-ESTAMPADA-2-scaled.jpg 1707w\" sizes=\"100vw\" \/>\t\t\t\t\t\t\t\t\t\t\t\t\t\t\t<\/div>\n\t\t\t\t<\/div>\n\t\t\t\t\t<\/div>\n\t\t<\/div>\n\t\t\t\t\t<\/div>\n\t\t<\/section>\n\t\t\t\t<\/div>\n\t\t","protected":false},"excerpt":{"rendered":"<p>BOLSO PATRIMONIO Bolso de dise\u00f1o propio con estructura compacta y asas r\u00edgidas de bamb\u00fa, que aportan resistencia y un acabado artesanal. La combinaci\u00f3n de materiales est\u00e1 pensada para lograr un equilibrio entre funcionalidad y est\u00e9tica. El estampado ha sido dise\u00f1ado por m\u00ed y se basa en elementos representativos de Ja\u00e9n, como arquitectura y referencias al &hellip; <\/p>\n<p class=\"link-more\"><a href=\"https:\/\/angelachica.estaciondiseno.es\/?page_id=376\" class=\"more-link\">Leer m\u00e1s<span class=\"screen-reader-text\"> \u00abBOLSO PATRIMONIO\u00bb<\/span><\/a><\/p>\n","protected":false},"author":1,"featured_media":0,"parent":0,"menu_order":0,"comment_status":"closed","ping_status":"closed","template":"","meta":{"footnotes":""},"class_list":["post-376","page","type-page","status-publish","hentry"],"_links":{"self":[{"href":"https:\/\/angelachica.estaciondiseno.es\/index.php?rest_route=\/wp\/v2\/pages\/376","targetHints":{"allow":["GET"]}}],"collection":[{"href":"https:\/\/angelachica.estaciondiseno.es\/index.php?rest_route=\/wp\/v2\/pages"}],"about":[{"href":"https:\/\/angelachica.estaciondiseno.es\/index.php?rest_route=\/wp\/v2\/types\/page"}],"author":[{"embeddable":true,"href":"https:\/\/angelachica.estaciondiseno.es\/index.php?rest_route=\/wp\/v2\/users\/1"}],"replies":[{"embeddable":true,"href":"https:\/\/angelachica.estaciondiseno.es\/index.php?rest_route=%2Fwp%2Fv2%2Fcomments&post=376"}],"version-history":[{"count":32,"href":"https:\/\/angelachica.estaciondiseno.es\/index.php?rest_route=\/wp\/v2\/pages\/376\/revisions"}],"predecessor-version":[{"id":510,"href":"https:\/\/angelachica.estaciondiseno.es\/index.php?rest_route=\/wp\/v2\/pages\/376\/revisions\/510"}],"wp:attachment":[{"href":"https:\/\/angelachica.estaciondiseno.es\/index.php?rest_route=%2Fwp%2Fv2%2Fmedia&parent=376"}],"curies":[{"name":"wp","href":"https:\/\/api.w.org\/{rel}","templated":true}]}}