{"id":2,"date":"2025-10-15T07:15:14","date_gmt":"2025-10-15T07:15:14","guid":{"rendered":"https:\/\/angelachica.estaciondiseno.es\/?page_id=2"},"modified":"2026-01-22T11:12:31","modified_gmt":"2026-01-22T11:12:31","slug":"sample-page","status":"publish","type":"page","link":"https:\/\/angelachica.estaciondiseno.es\/","title":{"rendered":"INICIO"},"content":{"rendered":"\t\t<div data-elementor-type=\"wp-page\" data-elementor-id=\"2\" class=\"elementor elementor-2\" data-elementor-post-type=\"page\">\n\t\t\t\t\t\t<section class=\"elementor-section elementor-top-section elementor-element elementor-element-bfe0575 elementor-section-full_width elementor-section-height-default elementor-section-height-default\" data-id=\"bfe0575\" data-element_type=\"section\">\n\t\t\t\t\t\t<div class=\"elementor-container elementor-column-gap-default\">\n\t\t\t\t\t<div class=\"elementor-column elementor-col-100 elementor-top-column elementor-element elementor-element-544a334\" data-id=\"544a334\" data-element_type=\"column\">\n\t\t\t<div class=\"elementor-widget-wrap elementor-element-populated\">\n\t\t\t\t\t\t<div class=\"elementor-element elementor-element-f60a265 elementor-invisible elementor-widget elementor-widget-image\" data-id=\"f60a265\" data-element_type=\"widget\" data-settings=\"{&quot;_animation&quot;:&quot;fadeInRight&quot;,&quot;_animation_mobile&quot;:&quot;fadeInRight&quot;}\" data-widget_type=\"image.default\">\n\t\t\t\t<div class=\"elementor-widget-container\">\n\t\t\t\t\t\t\t\t\t\t\t\t\t\t\t<img fetchpriority=\"high\" decoding=\"async\" width=\"2048\" height=\"1152\" src=\"https:\/\/angelachica.estaciondiseno.es\/wp-content\/uploads\/2025\/10\/IMG_4157-1-2048x1152.jpeg\" class=\"attachment-2048x2048 size-2048x2048 wp-image-77\" alt=\"\" srcset=\"https:\/\/angelachica.estaciondiseno.es\/wp-content\/uploads\/2025\/10\/IMG_4157-1-2048x1152.jpeg 2048w, https:\/\/angelachica.estaciondiseno.es\/wp-content\/uploads\/2025\/10\/IMG_4157-1-300x169.jpeg 300w, https:\/\/angelachica.estaciondiseno.es\/wp-content\/uploads\/2025\/10\/IMG_4157-1-1024x576.jpeg 1024w, https:\/\/angelachica.estaciondiseno.es\/wp-content\/uploads\/2025\/10\/IMG_4157-1-768x432.jpeg 768w, https:\/\/angelachica.estaciondiseno.es\/wp-content\/uploads\/2025\/10\/IMG_4157-1-1536x864.jpeg 1536w, https:\/\/angelachica.estaciondiseno.es\/wp-content\/uploads\/2025\/10\/IMG_4157-1-scaled-2000x1125.jpeg 2000w\" sizes=\"100vw\" \/>\t\t\t\t\t\t\t\t\t\t\t\t\t\t\t<\/div>\n\t\t\t\t<\/div>\n\t\t\t\t\t<\/div>\n\t\t<\/div>\n\t\t\t\t\t<\/div>\n\t\t<\/section>\n\t\t\t\t<section class=\"elementor-section elementor-top-section elementor-element elementor-element-1a38291 elementor-section-boxed elementor-section-height-default elementor-section-height-default\" data-id=\"1a38291\" data-element_type=\"section\">\n\t\t\t\t\t\t<div class=\"elementor-container elementor-column-gap-default\">\n\t\t\t\t\t<div class=\"elementor-column elementor-col-100 elementor-top-column elementor-element elementor-element-3a17203\" data-id=\"3a17203\" data-element_type=\"column\">\n\t\t\t<div class=\"elementor-widget-wrap elementor-element-populated\">\n\t\t\t\t\t\t<div class=\"elementor-element elementor-element-a0d9689 elementor-widget-tablet__width-initial elementor-widget-mobile__width-initial elementor-invisible elementor-widget elementor-widget-text-editor\" data-id=\"a0d9689\" data-element_type=\"widget\" data-settings=\"{&quot;_animation&quot;:&quot;slideInRight&quot;}\" data-widget_type=\"text-editor.default\">\n\t\t\t\t<div class=\"elementor-widget-container\">\n\t\t\t\t\t\t\t\t\t<p><br \/><img decoding=\"async\" class=\"aligncenter wp-image-179\" src=\"https:\/\/angelachica.estaciondiseno.es\/wp-content\/uploads\/2025\/11\/Angelachica_horizontal.png\" alt=\"\" width=\"1043\" height=\"214\" srcset=\"https:\/\/angelachica.estaciondiseno.es\/wp-content\/uploads\/2025\/11\/Angelachica_horizontal.png 988w, https:\/\/angelachica.estaciondiseno.es\/wp-content\/uploads\/2025\/11\/Angelachica_horizontal-300x62.png 300w\" sizes=\"(max-width: 1043px) 100vw, 1043px\" \/><\/p>\t\t\t\t\t\t\t\t<\/div>\n\t\t\t\t<\/div>\n\t\t\t\t\t<\/div>\n\t\t<\/div>\n\t\t\t\t\t<\/div>\n\t\t<\/section>\n\t\t\t\t<section class=\"elementor-section elementor-top-section elementor-element elementor-element-977dd5c elementor-section-boxed elementor-section-height-default elementor-section-height-default\" data-id=\"977dd5c\" data-element_type=\"section\">\n\t\t\t\t\t\t<div class=\"elementor-container elementor-column-gap-default\">\n\t\t\t\t\t<div class=\"elementor-column elementor-col-100 elementor-top-column elementor-element elementor-element-4481b4c\" data-id=\"4481b4c\" data-element_type=\"column\">\n\t\t\t<div class=\"elementor-widget-wrap elementor-element-populated\">\n\t\t\t\t\t\t<div class=\"elementor-element elementor-element-e2fc8af elementor-widget__width-inherit elementor-widget elementor-widget-text-editor\" data-id=\"e2fc8af\" data-element_type=\"widget\" data-widget_type=\"text-editor.default\">\n\t\t\t\t<div class=\"elementor-widget-container\">\n\t\t\t\t\t\t\t\t\t<p><span style=\"font-size: 16px;\">\u00c1ngela Chica es una marca que nace de la precisi\u00f3n, la t\u00e9cnica y una visi\u00f3n clara de la elegancia contempor\u00e1nea. Mi trabajo se construye sobre l\u00edneas depuradas, patrones\u00a0cuidados y una b\u00fasqueda constante de equilibrio entre est\u00e9tica y funcionalidad. Cada prenda refleja un enfoque muy detallado del dise\u00f1o\u00a0y un compromiso con la calidad.<\/span><\/p><p><span style=\"font-size: 16px;\">La marca representa mi manera de concebir la moda: una creaci\u00f3n consciente y muy cuidada que marque la diferencia. Cada dise\u00f1o parte de un proceso muy detallado, donde busco equilibrio entre est\u00e9tica y coherencia visual.\u00a0<\/span><\/p><p><span style=\"font-size: 16px;\">Me interesa trabajar prendas que aporten identidad, reflejando elegancia sin perder autenticidad y que mantengan un di\u00e1logo entre tradici\u00f3n, modernidad y detalle. Mi objetivo es ofrecer piezas que transmitan car\u00e1cter y profesionalidad.<\/span><\/p>\t\t\t\t\t\t\t\t<\/div>\n\t\t\t\t<\/div>\n\t\t\t\t\t<\/div>\n\t\t<\/div>\n\t\t\t\t\t<\/div>\n\t\t<\/section>\n\t\t\t\t<section class=\"elementor-section elementor-top-section elementor-element elementor-element-2663a4f elementor-section-boxed elementor-section-height-default elementor-section-height-default\" data-id=\"2663a4f\" data-element_type=\"section\">\n\t\t\t\t\t\t<div class=\"elementor-container elementor-column-gap-default\">\n\t\t\t\t\t<div class=\"elementor-column elementor-col-100 elementor-top-column elementor-element elementor-element-1bdffc8\" data-id=\"1bdffc8\" data-element_type=\"column\">\n\t\t\t<div class=\"elementor-widget-wrap elementor-element-populated\">\n\t\t\t\t\t\t<div class=\"elementor-element elementor-element-b4afe9a elementor-arrows-position-inside elementor-pagination-position-outside elementor-widget elementor-widget-image-carousel\" data-id=\"b4afe9a\" data-element_type=\"widget\" data-settings=\"{&quot;navigation&quot;:&quot;both&quot;,&quot;autoplay&quot;:&quot;yes&quot;,&quot;pause_on_interaction&quot;:&quot;yes&quot;,&quot;autoplay_speed&quot;:5000,&quot;infinite&quot;:&quot;yes&quot;,&quot;speed&quot;:500}\" data-widget_type=\"image-carousel.default\">\n\t\t\t\t<div class=\"elementor-widget-container\">\n\t\t\t\t\t\t\t<div class=\"elementor-image-carousel-wrapper swiper\" role=\"region\" aria-roledescription=\"carousel\" aria-label=\"Carrusel de im\u00e1genes\" dir=\"ltr\">\n\t\t\t<div class=\"elementor-image-carousel swiper-wrapper\" aria-live=\"off\">\n\t\t\t\t\t\t\t\t<div class=\"swiper-slide\" role=\"group\" aria-roledescription=\"slide\" aria-label=\"1 de 8\"><figure class=\"swiper-slide-inner\"><img decoding=\"async\" class=\"swiper-slide-image\" src=\"https:\/\/angelachica.estaciondiseno.es\/wp-content\/uploads\/2025\/12\/Chaqueta-estampada-scaled.jpg\" alt=\"Chaqueta estampada\" \/><\/figure><\/div><div class=\"swiper-slide\" role=\"group\" aria-roledescription=\"slide\" aria-label=\"2 de 8\"><figure class=\"swiper-slide-inner\"><img decoding=\"async\" class=\"swiper-slide-image\" src=\"https:\/\/angelachica.estaciondiseno.es\/wp-content\/uploads\/2025\/10\/CF503979-5353-4113-B228-F9D691706E74-768x1024.jpeg\" alt=\"CF503979-5353-4113-B228-F9D691706E74\" \/><\/figure><\/div><div class=\"swiper-slide\" role=\"group\" aria-roledescription=\"slide\" aria-label=\"3 de 8\"><figure class=\"swiper-slide-inner\"><img decoding=\"async\" class=\"swiper-slide-image\" src=\"https:\/\/angelachica.estaciondiseno.es\/wp-content\/uploads\/2025\/12\/vestido6-Recuperado-scaled.jpg\" alt=\"vestido6-Recuperado\" \/><\/figure><\/div><div class=\"swiper-slide\" role=\"group\" aria-roledescription=\"slide\" aria-label=\"4 de 8\"><figure class=\"swiper-slide-inner\"><img decoding=\"async\" class=\"swiper-slide-image\" src=\"https:\/\/angelachica.estaciondiseno.es\/wp-content\/uploads\/2025\/10\/IMG_5363-768x1024.jpeg\" alt=\"IMG_5363\" \/><\/figure><\/div><div class=\"swiper-slide\" role=\"group\" aria-roledescription=\"slide\" aria-label=\"5 de 8\"><figure class=\"swiper-slide-inner\"><img decoding=\"async\" class=\"swiper-slide-image\" src=\"https:\/\/angelachica.estaciondiseno.es\/wp-content\/uploads\/2025\/12\/anaindiaymaria2-scaled.jpg\" alt=\"anaindiaymaria2\" \/><\/figure><\/div><div class=\"swiper-slide\" role=\"group\" aria-roledescription=\"slide\" aria-label=\"6 de 8\"><figure class=\"swiper-slide-inner\"><img decoding=\"async\" class=\"swiper-slide-image\" src=\"https:\/\/angelachica.estaciondiseno.es\/wp-content\/uploads\/2025\/10\/2E9EC9E0-CB11-4EB3-9391-6107C238D495-768x1024.jpg\" alt=\"2E9EC9E0-CB11-4EB3-9391-6107C238D495\" \/><\/figure><\/div><div class=\"swiper-slide\" role=\"group\" aria-roledescription=\"slide\" aria-label=\"7 de 8\"><figure class=\"swiper-slide-inner\"><img decoding=\"async\" class=\"swiper-slide-image\" src=\"https:\/\/angelachica.estaciondiseno.es\/wp-content\/uploads\/2025\/12\/colecciom2-scaled.jpg\" alt=\"colecciom2\" \/><\/figure><\/div><div class=\"swiper-slide\" role=\"group\" aria-roledescription=\"slide\" aria-label=\"8 de 8\"><figure class=\"swiper-slide-inner\"><img decoding=\"async\" class=\"swiper-slide-image\" src=\"https:\/\/angelachica.estaciondiseno.es\/wp-content\/uploads\/2025\/10\/367F4409-0D87-4643-BE0E-88EF807C1967-768x1047.jpg\" alt=\"367F4409-0D87-4643-BE0E-88EF807C1967\" \/><\/figure><\/div>\t\t\t<\/div>\n\t\t\t\t\t\t\t\t\t\t\t\t<div class=\"elementor-swiper-button elementor-swiper-button-prev\" role=\"button\" tabindex=\"0\">\n\t\t\t\t\t\t<i aria-hidden=\"true\" class=\"eicon-chevron-left\"><\/i>\t\t\t\t\t<\/div>\n\t\t\t\t\t<div class=\"elementor-swiper-button elementor-swiper-button-next\" role=\"button\" tabindex=\"0\">\n\t\t\t\t\t\t<i aria-hidden=\"true\" class=\"eicon-chevron-right\"><\/i>\t\t\t\t\t<\/div>\n\t\t\t\t\n\t\t\t\t\t\t\t\t\t<div class=\"swiper-pagination\"><\/div>\n\t\t\t\t\t\t\t\t\t<\/div>\n\t\t\t\t\t\t<\/div>\n\t\t\t\t<\/div>\n\t\t\t\t\t<\/div>\n\t\t<\/div>\n\t\t\t\t\t<\/div>\n\t\t<\/section>\n\t\t\t\t<\/div>\n\t\t","protected":false},"excerpt":{"rendered":"<p>\u00c1ngela Chica es una marca que nace de la precisi\u00f3n, la t\u00e9cnica y una visi\u00f3n clara de la elegancia contempor\u00e1nea. Mi trabajo se construye sobre l\u00edneas depuradas, patrones\u00a0cuidados y una b\u00fasqueda constante de equilibrio entre est\u00e9tica y funcionalidad. Cada prenda refleja un enfoque muy detallado del dise\u00f1o\u00a0y un compromiso con la calidad. La marca representa &hellip; <\/p>\n<p class=\"link-more\"><a href=\"https:\/\/angelachica.estaciondiseno.es\/\" class=\"more-link\">Leer m\u00e1s<span class=\"screen-reader-text\"> \u00abINICIO\u00bb<\/span><\/a><\/p>\n","protected":false},"author":1,"featured_media":0,"parent":0,"menu_order":0,"comment_status":"closed","ping_status":"open","template":"elementor_header_footer","meta":{"footnotes":""},"class_list":["post-2","page","type-page","status-publish","hentry"],"_links":{"self":[{"href":"https:\/\/angelachica.estaciondiseno.es\/index.php?rest_route=\/wp\/v2\/pages\/2","targetHints":{"allow":["GET"]}}],"collection":[{"href":"https:\/\/angelachica.estaciondiseno.es\/index.php?rest_route=\/wp\/v2\/pages"}],"about":[{"href":"https:\/\/angelachica.estaciondiseno.es\/index.php?rest_route=\/wp\/v2\/types\/page"}],"author":[{"embeddable":true,"href":"https:\/\/angelachica.estaciondiseno.es\/index.php?rest_route=\/wp\/v2\/users\/1"}],"replies":[{"embeddable":true,"href":"https:\/\/angelachica.estaciondiseno.es\/index.php?rest_route=%2Fwp%2Fv2%2Fcomments&post=2"}],"version-history":[{"count":94,"href":"https:\/\/angelachica.estaciondiseno.es\/index.php?rest_route=\/wp\/v2\/pages\/2\/revisions"}],"predecessor-version":[{"id":604,"href":"https:\/\/angelachica.estaciondiseno.es\/index.php?rest_route=\/wp\/v2\/pages\/2\/revisions\/604"}],"wp:attachment":[{"href":"https:\/\/angelachica.estaciondiseno.es\/index.php?rest_route=%2Fwp%2Fv2%2Fmedia&parent=2"}],"curies":[{"name":"wp","href":"https:\/\/api.w.org\/{rel}","templated":true}]}}