{"id":16,"date":"2025-10-20T07:12:24","date_gmt":"2025-10-20T07:12:24","guid":{"rendered":"https:\/\/angelachica.estaciondiseno.es\/?page_id=16"},"modified":"2026-01-22T11:04:22","modified_gmt":"2026-01-22T11:04:22","slug":"sobre-mi","status":"publish","type":"page","link":"https:\/\/angelachica.estaciondiseno.es\/?page_id=16","title":{"rendered":"SOBRE MI"},"content":{"rendered":"\t\t<div data-elementor-type=\"wp-page\" data-elementor-id=\"16\" class=\"elementor elementor-16\" data-elementor-post-type=\"page\">\n\t\t\t\t\t\t<section class=\"elementor-section elementor-top-section elementor-element elementor-element-5e2a447 elementor-section-boxed elementor-section-height-default elementor-section-height-default\" data-id=\"5e2a447\" data-element_type=\"section\">\n\t\t\t\t\t\t<div class=\"elementor-container elementor-column-gap-default\">\n\t\t\t\t\t<div class=\"elementor-column elementor-col-100 elementor-top-column elementor-element elementor-element-736c80e\" data-id=\"736c80e\" data-element_type=\"column\">\n\t\t\t<div class=\"elementor-widget-wrap elementor-element-populated\">\n\t\t\t\t\t\t<div class=\"elementor-element elementor-element-22b83d8 elementor-widget elementor-widget-heading\" data-id=\"22b83d8\" data-element_type=\"widget\" data-widget_type=\"heading.default\">\n\t\t\t\t<div class=\"elementor-widget-container\">\n\t\t\t\t\t<h2 class=\"elementor-heading-title elementor-size-default\">SOBRE M\u00cd<\/h2>\t\t\t\t<\/div>\n\t\t\t\t<\/div>\n\t\t\t\t\t<\/div>\n\t\t<\/div>\n\t\t\t\t\t<\/div>\n\t\t<\/section>\n\t\t\t\t<section class=\"elementor-section elementor-top-section elementor-element elementor-element-9e77f56 elementor-section-boxed elementor-section-height-default elementor-section-height-default\" data-id=\"9e77f56\" data-element_type=\"section\">\n\t\t\t\t\t\t<div class=\"elementor-container elementor-column-gap-default\">\n\t\t\t\t\t<div class=\"elementor-column elementor-col-66 elementor-top-column elementor-element elementor-element-0fb1a3c\" data-id=\"0fb1a3c\" data-element_type=\"column\">\n\t\t\t<div class=\"elementor-widget-wrap elementor-element-populated\">\n\t\t\t\t\t\t<div class=\"elementor-element elementor-element-2b08803 elementor-widget__width-initial elementor-widget-tablet__width-initial elementor-invisible elementor-widget elementor-widget-text-editor\" data-id=\"2b08803\" data-element_type=\"widget\" data-settings=\"{&quot;_animation&quot;:&quot;fadeInRight&quot;}\" data-widget_type=\"text-editor.default\">\n\t\t\t\t<div class=\"elementor-widget-container\">\n\t\t\t\t\t\t\t\t\t<p><span style=\"font-size: 16px;\">Soy \u00c1ngela Chica, estudiante de dise\u00f1o de moda con muchas ganas de seguir aprendiendo y creciendo en el sector.<\/span><\/p><p><span style=\"font-size: 16px;\">Me apasiona todo el proceso creativo: desde la b\u00fasqueda de inspiraci\u00f3n hasta ver c\u00f3mo una idea toma forma en una prenda. Disfruto trabajando con detalle, cuidando los acabados y buscando siempre que cada dise\u00f1o transmita\u00a0algo propio.<\/span><\/p><p><span style=\"font-size: 16px;\">Mi estilo se mueve entre la elegancia y la sencillez, con inspiraci\u00f3n en distintas \u00e9pocas y una visi\u00f3n actual.<\/span><\/p><p><span style=\"font-size: 16px;\">Estoy ilusionada por poder realizar mis pr\u00e1cticas en un entorno profesional donde pueda aportar mi creatividad, seguir aprendiendo del d\u00eda a d\u00eda y conocer de cerca c\u00f3mo se trabaja dentro de una empresa de moda.<\/span><\/p>\t\t\t\t\t\t\t\t<\/div>\n\t\t\t\t<\/div>\n\t\t\t\t\t<\/div>\n\t\t<\/div>\n\t\t\t\t<div class=\"elementor-column elementor-col-33 elementor-top-column elementor-element elementor-element-9865140\" data-id=\"9865140\" data-element_type=\"column\">\n\t\t\t<div class=\"elementor-widget-wrap elementor-element-populated\">\n\t\t\t\t\t\t<div class=\"elementor-element elementor-element-769f7c8 elementor-widget__width-initial elementor-invisible elementor-widget elementor-widget-image\" data-id=\"769f7c8\" data-element_type=\"widget\" data-settings=\"{&quot;_animation&quot;:&quot;fadeIn&quot;}\" data-widget_type=\"image.default\">\n\t\t\t\t<div class=\"elementor-widget-container\">\n\t\t\t\t\t\t\t\t\t\t\t\t\t\t\t<img fetchpriority=\"high\" decoding=\"async\" width=\"1033\" height=\"1536\" src=\"https:\/\/angelachica.estaciondiseno.es\/wp-content\/uploads\/2025\/12\/IMG_6575-2-scaled-1033x1536.jpg\" class=\"attachment-1536x1536 size-1536x1536 wp-image-339\" alt=\"\" srcset=\"https:\/\/angelachica.estaciondiseno.es\/wp-content\/uploads\/2025\/12\/IMG_6575-2-scaled-1033x1536.jpg 1033w, https:\/\/angelachica.estaciondiseno.es\/wp-content\/uploads\/2025\/12\/IMG_6575-2-202x300.jpg 202w, https:\/\/angelachica.estaciondiseno.es\/wp-content\/uploads\/2025\/12\/IMG_6575-2-689x1024.jpg 689w, https:\/\/angelachica.estaciondiseno.es\/wp-content\/uploads\/2025\/12\/IMG_6575-2-2000x2974.jpg 2000w, https:\/\/angelachica.estaciondiseno.es\/wp-content\/uploads\/2025\/12\/IMG_6575-2-scaled-1378x2048.jpg 1378w, https:\/\/angelachica.estaciondiseno.es\/wp-content\/uploads\/2025\/12\/IMG_6575-2-scaled.jpg 1722w\" sizes=\"100vw\" \/>\t\t\t\t\t\t\t\t\t\t\t\t\t\t\t<\/div>\n\t\t\t\t<\/div>\n\t\t\t\t\t<\/div>\n\t\t<\/div>\n\t\t\t\t\t<\/div>\n\t\t<\/section>\n\t\t\t\t<section class=\"elementor-section elementor-top-section elementor-element elementor-element-ea16dc1 elementor-section-boxed elementor-section-height-default elementor-section-height-default\" data-id=\"ea16dc1\" data-element_type=\"section\">\n\t\t\t\t\t\t<div class=\"elementor-container elementor-column-gap-default\">\n\t\t\t\t\t<div class=\"elementor-column elementor-col-100 elementor-top-column elementor-element elementor-element-895ec40\" data-id=\"895ec40\" data-element_type=\"column\">\n\t\t\t<div class=\"elementor-widget-wrap elementor-element-populated\">\n\t\t\t\t\t\t\t<\/div>\n\t\t<\/div>\n\t\t\t\t\t<\/div>\n\t\t<\/section>\n\t\t\t\t<\/div>\n\t\t","protected":false},"excerpt":{"rendered":"<p>SOBRE M\u00cd Soy \u00c1ngela Chica, estudiante de dise\u00f1o de moda con muchas ganas de seguir aprendiendo y creciendo en el sector. Me apasiona todo el proceso creativo: desde la b\u00fasqueda de inspiraci\u00f3n hasta ver c\u00f3mo una idea toma forma en una prenda. Disfruto trabajando con detalle, cuidando los acabados y buscando siempre que cada dise\u00f1o &hellip; <\/p>\n<p class=\"link-more\"><a href=\"https:\/\/angelachica.estaciondiseno.es\/?page_id=16\" class=\"more-link\">Leer m\u00e1s<span class=\"screen-reader-text\"> \u00abSOBRE MI\u00bb<\/span><\/a><\/p>\n","protected":false},"author":1,"featured_media":0,"parent":0,"menu_order":0,"comment_status":"closed","ping_status":"closed","template":"page-templates\/full-width-builder-bb.php","meta":{"footnotes":""},"class_list":["post-16","page","type-page","status-publish","hentry"],"_links":{"self":[{"href":"https:\/\/angelachica.estaciondiseno.es\/index.php?rest_route=\/wp\/v2\/pages\/16","targetHints":{"allow":["GET"]}}],"collection":[{"href":"https:\/\/angelachica.estaciondiseno.es\/index.php?rest_route=\/wp\/v2\/pages"}],"about":[{"href":"https:\/\/angelachica.estaciondiseno.es\/index.php?rest_route=\/wp\/v2\/types\/page"}],"author":[{"embeddable":true,"href":"https:\/\/angelachica.estaciondiseno.es\/index.php?rest_route=\/wp\/v2\/users\/1"}],"replies":[{"embeddable":true,"href":"https:\/\/angelachica.estaciondiseno.es\/index.php?rest_route=%2Fwp%2Fv2%2Fcomments&post=16"}],"version-history":[{"count":34,"href":"https:\/\/angelachica.estaciondiseno.es\/index.php?rest_route=\/wp\/v2\/pages\/16\/revisions"}],"predecessor-version":[{"id":585,"href":"https:\/\/angelachica.estaciondiseno.es\/index.php?rest_route=\/wp\/v2\/pages\/16\/revisions\/585"}],"wp:attachment":[{"href":"https:\/\/angelachica.estaciondiseno.es\/index.php?rest_route=%2Fwp%2Fv2%2Fmedia&parent=16"}],"curies":[{"name":"wp","href":"https:\/\/api.w.org\/{rel}","templated":true}]}}